{"id":4301,"date":"2014-02-01T09:00:29","date_gmt":"2014-02-01T07:00:29","guid":{"rendered":"https:\/\/it.blogs.cam4.com\/?page_id=4301"},"modified":"2014-02-05T23:00:31","modified_gmt":"2014-02-05T21:00:31","slug":"be-my-dirty-valentine","status":"publish","type":"page","link":"https:\/\/it.cam4.com\/blog\/be-my-dirty-valentine\/","title":{"rendered":"Divena il Sexy Valentino Cam4: Informazioni sul Concorso"},"content":{"rendered":"<p>Pronti per San Valentino? Stiamo cercando i 4 performers pi\u00f9 caldi per riempirli di fantastici doni. Vuoi condividere tutto il tuo amore con noi? Qui ci sono tutte le informazioni di cui hai bisogno!<\/p>\n<p>Ci sono in palio 8 premi, inclusi voucher di Amazon, tokens e tanta roba sexy\u00a0 ;)<\/p>\n<h2>Come partecipare:<\/h2>\n<p><strong>1. Non dovrai fare altro che caricare le tue foto a tema San Valentino sul tuo profilo \u00a0<a href=\"https:\/\/www.cam4.it\" target=\"_blank\">cam4.it<\/a> scrivendo \u201c#vday2014\u201d nel campo &#8220;<em>Descrizione File<\/em>&#8220;. Ricorda, il contest inizia il 5 Febbraio.<\/strong><\/p>\n<p><strong>2. La tua foto verr\u00e0 caricata in automatico nella nostra Bacheca Fotografica di San Valentino.<\/strong><\/p>\n<p><strong>3. Invia tutte le foto che desideri, non c&#8217;\u00e8 un limite ed \u00e8 davvero facile!<\/strong><\/p>\n<p><a class=\"xl\" href=\"https:\/\/www.cam4.com\/valentines2014\" target=\"_blank\">Visita la Pagina\u00a0\u201cDiventa il mio Sexy Valentino&#8221;<\/a><\/p>\n<p>Il <strong>17 Febbraio<\/strong> annunceremo i vincitori per 4 categorie &#8211; abbiamo messo in palio premi sia per le ragazze che per i ragazzi, quindi ci saranno 8 persone che porteranno a casa i maliziosi premi \u00a0;)<\/p>\n<p>Ed ecco le 4 categorie che giudicheremo &#8211; scegline una o sceglile tutte:<\/p>\n<h2>\u201cMiglior San Valentino: la scelta degli utenti\u201d Premio: 500 tokens<\/h2>\n<p>Il 10 Febbraio, entro le 12:00pm EST (entro le 18 ora italiana) pubblicheremo la classifica \u00a0delle 10 foto pi\u00f9 belle, scelte da noi in base alla creativit\u00e0, romanticismo, elaboratezza e divertimento. Inseriremo le 10 foto nel blog Cam4 e daremo il via al voto. I visitatori voteranno la loro foto preferita ed il vincitore sar\u00e0 incoronato con titolo \u00a0di \u201cMiglior San Valentino: la scelta degli utenti\u201d!<\/p>\n<p>Magari hai cosparso il tuo corpo di glitter e hai un costume di Cupido completo di arco e frecce, o hai fatto una serie di foto con te avvinghiata a qualcuno, circondata da petali di rose e champagne o mentre giocavi con i tuoi sexy toys col corpo cosparso di cioccolato. Sbizzarisciti e rendi questo giorno il pi\u00f9 bel San Valentino di sempre!<\/p>\n<h2>Categoria \u201cMiglior Fantasia di San Valentino\u201d. Premio: una Gift Card Amazon da $50<\/h2>\n<p>Metti in mostra le tue fantasie! Non limitarti a fiori e cioccolatini ;) Lega il tuo amante o trasforma delle romantiche candele in cera bollente da cospargere su di te o sul tuo partner. Sei single? Se vuoi far fare un salto di qualit\u00e0 alle tue foto, questa \u00e8 la tua \u00a0occasione. Facci vedere cosa ti eccita di pi\u00f9 nel giorno della passione, dell&#8217;amore e della follia!<\/p>\n<h2>Categoria \u201cMigliore coppia di San Valentino\u201d. Premio: una Gift Card Amazon da 50$<\/h2>\n<p>Questa invece \u00e8 per tutte le coppiette innamorate! Condividete con CAM4 la vostra passionale notte di San Valentino. Nuovi sexy toys, un letto di petali di rose, o forse un nuovo partner per una notte di sesso a tre? So che le coppie che trasmettono in webcam si divertono molto la notte di San Valentino quindi perch\u00e8 non mostrare in pubblico il vostro amore per provare a vincere un po&#8217; di soldi da spendere!?!<\/p>\n<h2>Categoria \u201cMiglior San Valentino Fetish\u201d. Premio: eccitanti giocattoli Stockrooms<\/h2>\n<p>Avete chiesto pi\u00f9 fetish contest, ed eccovi accontentati! Mostrate il vostro lato bizzaro e condividetelo con noi! San Valentino non \u00e8 solo il giorno delle coppiette sdolcinate. Tutti gli amanti del fetish saranno i benvenuti ;)<\/p>\n<p>&nbsp;<\/p>\n<p><em><strong>Regole del Contest<\/strong><\/em><br \/>\n<em> 1. Per partecipare al concorso \u00a0Diventa il Mio Sexy Valentino, \u00e8 necessario disporre di un account approvato in Cam4bucks.<\/em><br \/>\n<em> 2. Dal giorno 5 Febbraio 2014, puoi aderire al concorso caricando una foto a tema San Valentino di te stesso nel tuo profilo Cam4. Dovrai scrivere \u201c#vday2014\u201d nel campo &#8220;Descrizione Foto&#8221;. Le iscrizioni termineranno \u00a0il 14 di Febbraio alle ore 11:59pm EST.<\/em><br \/>\n<em>3. Le foto saranno considerate valide solo se saranno a tema San Valentino.<\/em><br \/>\n<em>4. I vincitori di tutte e 4 le categorie verranno annunciati il giorno 17 Febbraio 2014. I premi in palio sono i seguenti:<\/em><br \/>\n&#8211; Categoria \u201cMiglior San Valentino: la scelta degli utenti\u201d Premio: 500 tokens<br \/>\n&#8211; Categoria \u201cMiglior fantasia di San Valentino\u201d. Premio: voucher da $50 da spendere su Amazon<br \/>\n&#8211; Categoria \u201cMigliore coppia di San Valentino\u201d. Premio: voucher da $50 da spendere su Amazon<br \/>\n&#8211; Categoria \u201cMiglior San Valentino Fetish\u201d. Premio: una eccitante sorpresa Stockroom<br \/>\n<em>4. Verranno considerate ai fini del concorso solo le foto caricate sui profili di Cam4. Pertanto sono escluse tutte le foto presenti nei blog, nei social media e quelle inviate tramite e-mail.<\/em><br \/>\n<em>6. Durante il periodo del concorso, tutte le foto taggate \u201c#vday2014\u201d saranno ospitate sulla pagina cam4.com\/valentines2014.<\/em><br \/>\n<em>7. I partecipanti possono caricare quante foto desiderano.<\/em><br \/>\n<em>8. Le foto potranno essere utilizzate nelle campagne marketing di CAM4 e per fini commerciali autorizzati..<\/em><br \/>\n<em>9. Partecipando a questo concorso, l&#8217;utente accetta di manlevare e tenere indenne Cam4.com, i suoi proprietari ed affiliati, contro qualsiasi pretesa di responsabilit\u00e0 ed accetta di rilasciare a Cam4.com i diritti d&#8217;autore sul materiale fornito per la partecipazione alle sfide. L&#8217;utente accetta di acconsentire contrattualmente in tal senso con firma legale al momento di presentare domanda di partecipazione al concorso.<\/em><br \/>\n<em>10. Cam4.com non garantisce che l\u2019identit\u00e0 sar\u00e0 protetta. Qualsiasi impegno al fine di preservare l\u2019anonimato sar\u00e0 rispettato ma, in ultima analisi, ci\u00f2 che si mostrer\u00e0 nelle foto sar\u00e0 disponibile a qualsiasi spettatore del sito Cam4 e ovunque Cam4 mostrer\u00e0 il suo contenuto con licenza includendo le foto del concorso.<\/em><\/p>\n","protected":false},"excerpt":{"rendered":"<p>Pronti per San Valentino? Stiamo cercando i 4 performers pi\u00f9 caldi per riempirli di fantastici doni. Vuoi condividere tutto il tuo amore con<\/p>\n","protected":false},"author":1,"featured_media":4509,"parent":0,"menu_order":0,"comment_status":"open","ping_status":"open","template":"","meta":[],"yoast_head":"<!-- This site is optimized with the Yoast SEO plugin v19.7.1 - https:\/\/yoast.com\/wordpress\/plugins\/seo\/ -->\n<title>Regolamento del concorso fotografico San Valentino Cam4 2014<\/title>\n<meta name=\"robots\" content=\"index, follow, max-snippet:-1, max-image-preview:large, max-video-preview:-1\" \/>\n<link rel=\"canonical\" href=\"https:\/\/it.cam4.com\/blog\/be-my-dirty-valentine\/\" \/>\n<meta property=\"og:locale\" content=\"en_US\" \/>\n<meta property=\"og:type\" content=\"article\" \/>\n<meta property=\"og:title\" content=\"Regolamento del concorso fotografico San Valentino Cam4 2014\" \/>\n<meta property=\"og:description\" content=\"Pronti per San Valentino? Stiamo cercando i 4 performers pi\u00f9 caldi per riempirli di fantastici doni. Vuoi condividere tutto il tuo amore con\" \/>\n<meta property=\"og:url\" content=\"https:\/\/it.cam4.com\/blog\/be-my-dirty-valentine\/\" \/>\n<meta property=\"og:site_name\" content=\"Cam4 Blog Italiano | La migliore video-chat amatoriale web-cam gratis\" \/>\n<meta property=\"article:modified_time\" content=\"2014-02-05T21:00:31+00:00\" \/>\n<meta property=\"og:image\" content=\"https:\/\/it.cam4.com\/blog\/wp-content\/blogs.dir\/3\/files\/2014\/02\/Valentine_Performer_635x315_IT1.jpg\" \/>\n\t<meta property=\"og:image:width\" content=\"635\" \/>\n\t<meta property=\"og:image:height\" content=\"315\" \/>\n\t<meta property=\"og:image:type\" content=\"image\/jpeg\" \/>\n<meta name=\"twitter:card\" content=\"summary_large_image\" \/>\n<meta name=\"twitter:site\" content=\"@cam4_it\" \/>\n<meta name=\"twitter:label1\" content=\"Est. reading time\" \/>\n\t<meta name=\"twitter:data1\" content=\"4 minutes\" \/>\n<script type=\"application\/ld+json\" class=\"yoast-schema-graph\">{\"@context\":\"https:\/\/schema.org\",\"@graph\":[{\"@type\":\"WebPage\",\"@id\":\"https:\/\/it.cam4.com\/blog\/be-my-dirty-valentine\/\",\"url\":\"https:\/\/it.cam4.com\/blog\/be-my-dirty-valentine\/\",\"name\":\"Regolamento del concorso fotografico San Valentino Cam4 2014\",\"isPartOf\":{\"@id\":\"https:\/\/it.cam4.com\/blog\/#website\"},\"datePublished\":\"2014-02-01T07:00:29+00:00\",\"dateModified\":\"2014-02-05T21:00:31+00:00\",\"breadcrumb\":{\"@id\":\"https:\/\/it.cam4.com\/blog\/be-my-dirty-valentine\/#breadcrumb\"},\"inLanguage\":\"en-US\",\"potentialAction\":[{\"@type\":\"ReadAction\",\"target\":[\"https:\/\/it.cam4.com\/blog\/be-my-dirty-valentine\/\"]}]},{\"@type\":\"BreadcrumbList\",\"@id\":\"https:\/\/it.cam4.com\/blog\/be-my-dirty-valentine\/#breadcrumb\",\"itemListElement\":[{\"@type\":\"ListItem\",\"position\":1,\"name\":\"Divena il Sexy Valentino Cam4: Informazioni sul Concorso\"}]},{\"@type\":\"WebSite\",\"@id\":\"https:\/\/it.cam4.com\/blog\/#website\",\"url\":\"https:\/\/it.cam4.com\/blog\/\",\"name\":\"Cam4 Blog Italiano | La migliore video-chat amatoriale web-cam gratis\",\"description\":\"News sulla migliore video-chat sexy amatoriale | Ragazze,ragazzi,trans in web-cam coppie scambiste dal vivo gratis senza censura divertendosi e guadagnando\",\"potentialAction\":[{\"@type\":\"SearchAction\",\"target\":{\"@type\":\"EntryPoint\",\"urlTemplate\":\"https:\/\/it.cam4.com\/blog\/?s={search_term_string}\"},\"query-input\":\"required name=search_term_string\"}],\"inLanguage\":\"en-US\"}]}<\/script>\n<!-- \/ Yoast SEO plugin. -->","yoast_head_json":{"title":"Regolamento del concorso fotografico San Valentino Cam4 2014","robots":{"index":"index","follow":"follow","max-snippet":"max-snippet:-1","max-image-preview":"max-image-preview:large","max-video-preview":"max-video-preview:-1"},"canonical":"https:\/\/it.cam4.com\/blog\/be-my-dirty-valentine\/","og_locale":"en_US","og_type":"article","og_title":"Regolamento del concorso fotografico San Valentino Cam4 2014","og_description":"Pronti per San Valentino? Stiamo cercando i 4 performers pi\u00f9 caldi per riempirli di fantastici doni. Vuoi condividere tutto il tuo amore con","og_url":"https:\/\/it.cam4.com\/blog\/be-my-dirty-valentine\/","og_site_name":"Cam4 Blog Italiano | La migliore video-chat amatoriale web-cam gratis","article_modified_time":"2014-02-05T21:00:31+00:00","og_image":[{"width":635,"height":315,"url":"https:\/\/it.cam4.com\/blog\/wp-content\/blogs.dir\/3\/files\/2014\/02\/Valentine_Performer_635x315_IT1.jpg","type":"image\/jpeg"}],"twitter_card":"summary_large_image","twitter_site":"@cam4_it","twitter_misc":{"Est. reading time":"4 minutes"},"schema":{"@context":"https:\/\/schema.org","@graph":[{"@type":"WebPage","@id":"https:\/\/it.cam4.com\/blog\/be-my-dirty-valentine\/","url":"https:\/\/it.cam4.com\/blog\/be-my-dirty-valentine\/","name":"Regolamento del concorso fotografico San Valentino Cam4 2014","isPartOf":{"@id":"https:\/\/it.cam4.com\/blog\/#website"},"datePublished":"2014-02-01T07:00:29+00:00","dateModified":"2014-02-05T21:00:31+00:00","breadcrumb":{"@id":"https:\/\/it.cam4.com\/blog\/be-my-dirty-valentine\/#breadcrumb"},"inLanguage":"en-US","potentialAction":[{"@type":"ReadAction","target":["https:\/\/it.cam4.com\/blog\/be-my-dirty-valentine\/"]}]},{"@type":"BreadcrumbList","@id":"https:\/\/it.cam4.com\/blog\/be-my-dirty-valentine\/#breadcrumb","itemListElement":[{"@type":"ListItem","position":1,"name":"Divena il Sexy Valentino Cam4: Informazioni sul Concorso"}]},{"@type":"WebSite","@id":"https:\/\/it.cam4.com\/blog\/#website","url":"https:\/\/it.cam4.com\/blog\/","name":"Cam4 Blog Italiano | La migliore video-chat amatoriale web-cam gratis","description":"News sulla migliore video-chat sexy amatoriale | Ragazze,ragazzi,trans in web-cam coppie scambiste dal vivo gratis senza censura divertendosi e guadagnando","potentialAction":[{"@type":"SearchAction","target":{"@type":"EntryPoint","urlTemplate":"https:\/\/it.cam4.com\/blog\/?s={search_term_string}"},"query-input":"required name=search_term_string"}],"inLanguage":"en-US"}]}},"_links":{"self":[{"href":"https:\/\/it.cam4.com\/blog\/wp-json\/wp\/v2\/pages\/4301"}],"collection":[{"href":"https:\/\/it.cam4.com\/blog\/wp-json\/wp\/v2\/pages"}],"about":[{"href":"https:\/\/it.cam4.com\/blog\/wp-json\/wp\/v2\/types\/page"}],"author":[{"embeddable":true,"href":"https:\/\/it.cam4.com\/blog\/wp-json\/wp\/v2\/users\/1"}],"replies":[{"embeddable":true,"href":"https:\/\/it.cam4.com\/blog\/wp-json\/wp\/v2\/comments?post=4301"}],"version-history":[{"count":0,"href":"https:\/\/it.cam4.com\/blog\/wp-json\/wp\/v2\/pages\/4301\/revisions"}],"wp:featuredmedia":[{"embeddable":true,"href":"https:\/\/it.cam4.com\/blog\/wp-json\/wp\/v2\/media\/4509"}],"wp:attachment":[{"href":"https:\/\/it.cam4.com\/blog\/wp-json\/wp\/v2\/media?parent=4301"}],"curies":[{"name":"wp","href":"https:\/\/api.w.org\/{rel}","templated":true}]}}